9, 1361
What are the prime factors of 404899778?
2, 17, 131, 90907
List the prime factors of 89258888.
2, 359, 31079
What are the prime factors of 51934990?
2, 5, 5193499
What are the prime factors of 894465070?
2, 5, 463, 193189
List the prime factors of 542828197.
31, 79, 221653
List the prime factors of 580220217.
3, 17, 47, 80687
List the prime factors of 7659909353.
2027, 3778939
List the prime factors of 56157208.
2, 41, 313, 547
What are the prime factors of 578839332?
2, 3, 19, 2538769
What are the prime factors of 6997619?
6997619
List the prime factors of 42912022.
2, 43, 498977
What are the prime factors of 790220234?
2, 1019, 387743
List the prime factors of 616943594.
2, 308471797
What are the prime factors of 640856515?
5, 13, 47, 89, 2357
What are the prime factors of 29882527?
29882527
List the prime factors of 1488916290.
2, 3, 5, 47, 1055969
What are the prime factors of 83713800?
2, 3, 5, 41, 83
List the prime factors of 7176452612.
2, 7, 557, 460147
What are the prime factors of 45906594?
2, 3, 29, 193, 1367
What are the prime factors of 198961306?
2, 1091, 91183
What are the prime factors of 27765675?
3, 5, 7, 17, 61
List the prime factors of 993306190.
2, 5, 97, 131, 7817
List the prime factors of 4105860228.
2, 3, 114051673
What are the prime factors of 79602609?
3, 19, 23, 60719
What are the prime factors of 55688901?
3, 18562967
List the prime factors of 3795349770.
2, 3, 5, 29, 161573
List the prime factors of 48154423.
48154423
What are the prime factors of 1275303004?
2, 79, 487, 8287
What are the prime factors of 934211937?
3, 41, 43, 173, 1021
List the prime factors of 547691470.
2, 5, 47, 1165301
What are the prime factors of 416629051?
29, 14366519
What are the prime factors of 36973118?
2, 7, 13, 53, 3833
What are the prime factors of 359671565?
5, 11, 43, 152081
What are the prime factors of 3186909120?
2, 3, 5, 31, 173, 619
List the prime factors of 459123428.
2, 443, 259099
List the prime factors of 3838591079.
3838591079
What are the prime factors of 2746538620?
2, 5, 7, 31, 632843
List the prime factors of 1630602343.
29, 593, 94819
List the prime factors of 20407467.
3, 941, 7229
What are the prime factors of 59745849?
3, 19915283
List the prime factors of 1032617883.
3, 11, 4003, 7817
List the prime factors of 1974498022.
2, 7, 239, 12043
What are the prime factors of 339275885?
5, 13, 17, 18061
List the prime factors of 1184803402.
2, 211, 2807591
List the prime factors of 647178563.
41, 15784843
List the prime factors of 702481346.
2, 7, 7168177
List the prime factors of 117644263.
11, 197, 233
List the prime factors of 16429082.
2, 8214541
What are the prime factors of 53430589?
53430589
List the prime factors of 39070905.
3, 5, 23, 269, 421
What are the prime factors of 2250026581?
11, 3307, 5623
What are the prime factors of 35087724?
2, 3, 7, 19891
What are the prime factors of 8492179?
8492179
List the prime factors of 40438816.
2, 11, 114883
List the prime factors of 1137503941.
7, 162500563
What are the prime factors of 1894515300?
2, 3, 5, 941, 2237
What are the prime factors of 932744466?
2, 3, 19, 71, 107, 359
List the prime factors of 300702755.
5, 101, 595451
What are the prime factors of 1102656714?
2, 3, 3361, 54679
What are the prime factors of 60141180?
2, 3, 5, 11, 293, 311
What are the prime factors of 37259862?
2, 3, 23, 83, 3253
List the prime factors of 123250503.
3, 41083501
What are the prime factors of 145818677?
59, 2471503
What are the prime factors of 392863034?
2, 181, 359, 3023
List the prime factors of 889466197.
17, 52321541
List the prime factors of 2058432075.
3, 5, 7, 435647
List the prime factors of 53374886.
2, 727, 36709
What are the prime factors of 179938484?
2, 11, 631, 6481
What are the prime factors of 64531089?
3, 7, 41, 43, 83
What are the prime factors of 149595838?
2, 7, 293, 36469
What are the prime factors of 350995349?
350995349
List the prime factors of 6405457380.
2, 3, 5, 7, 1091, 1997
What are the prime factors of 143593786?
2, 7, 107, 95857
List the prime factors of 288269906.
2, 144134953
What are the prime factors of 1033021703?
7, 147574529
List the prime factors of 60544140.
2, 3, 5, 17, 59357
What are the prime factors of 2530421187?
3, 7, 29, 331, 12553
What are the prime factors of 664769309?
17, 109, 358753
List the prime factors of 489096659.
139, 163, 21587
List the prime factors of 55562708.
2, 41, 43, 7879
What are the prime factors of 50371850?
2, 5, 17, 19, 3119
List the prime factors of 60911863.
2383, 25561
List the prime factors of 37720634.
2, 7, 1381, 1951
What are the prime factors of 417506094?
2, 3, 17, 1364399
List the prime factors of 476982792.
2, 3, 11, 13, 46327
List the prime factors of 60046903.
7, 823, 1489
List the prime factors of 167382246.
2, 3, 27897041
What are the prime factors of 2250598801?
11, 43, 811, 5867
List the prime factors of 1154778244.
2, 17, 43, 394931
List the prime factors of 656599965.
3, 5, 7, 37, 169009
What are the prime factors of 40444637?
40444637
List the prime factors of 6207043446.
2, 3, 617, 62099
List the prime factors of 1358866070.
2, 5, 37, 3672611
What are the prime factors of 188603022?
2, 3, 3847, 8171
List the prime factors of 172697009.
2473, 69833
List the prime factors of 132229294.
2, 457, 144671
What are the prime factors of 29984569?
3307, 9067
List the prime factors of 145612458.
2, 3, 2696527
What are the prime factors of 3269570696?
2, 7, 17, 223, 15401
What are the prime factors of 768946467?
3, 256315489
List the prime factors of 3262492824.
2, 3, 31, 4385071
List the prime factors of 64262254.
2, 7, 47, 127, 769
What are the prime factors of 877871071?
7, 11, 167, 233, 293
What are the prime factors of 1145403617?
53, 21611389
List the prime factors of 2121077620.
2, 5, 997, 106373
List the prime factors of 652654510.
2, 5, 227, 241, 1193
What are the prime factors of 9146441?
89, 102769
What are the prime factors of 2414279675?
5, 67, 1441361
List the prime factors of 354507857.
11, 83, 3209
List the prime factors of 3611561821.
7, 17, 23, 103, 557
What are the prime factors of 20379199?
29, 702731
What are the prime factors of 2435715635?
5, 109, 4469203
List the prime factors of 145746006.
2, 3, 7, 43, 80701
What are the prime factors of 508851034?
2, 23, 11061979
What are the prime factors of 20589161?
229, 89909
What are the prime factors of 152206857?
3, 11, 170827
List the prime factors of 11058520.
2, 5, 11, 41, 613
List the prime factors of 28996871.
79, 367049
List the prime factors of 71660044.
2, 29, 617759
What are the prime factors of 47197866?
2, 3, 37, 433, 491
What are the prime factors of 14295357?
3, 37, 42929
What are the prime factors of 53692700?
2, 5, 83, 6469
List the prime factors of 193477976.
2, 137, 176531
List the prime factors of 180839409.
3, 23, 47, 55763
What are the prime factors of 136416831?
3, 1021, 44537
What are the prime factors of 4991513799?
3, 41, 3319, 12227
What are the prime factors of 33074695?
5, 6614939
List the prime factors of 1353051698.
2, 47, 389, 37003
What are the prime factors of 672205080?
2, 3, 5, 751, 7459
List the prime factors of 894324648.
2, 3, 7, 47, 191, 593
List the prime factors of 12007140.
2, 3, 5, 293, 683
What are the prime factors of 4829833856?
2, 37733077
What are the prime factors of 4927545109?
4927545109
What are the prime factors of 28910616?
2, 3, 7, 37, 4651
List the prime factors of 767578722.
2, 3, 127929787
List the prime factors of 5077734.
2, 3, 73, 11593
What are the prime factors of 1966547302?
2, 983273651
List the prime factors of 197574327.
3, 71, 309193
What are the prime factors of 597089552?
2, 71, 525607
List the prime factors of 48943348.
2, 3119, 3923
What are the prime factors of 176368998?
2, 3, 13, 487, 4643
What are the prime factors of 1108472253?
3, 7, 97, 211, 2579
List the prime factors of 65863521.
3, 1399, 5231
What are the prime factors of 26327905?
5, 37, 61, 2333
List the prime factors of 5133868760.
2, 5, 17, 241, 31327
What are the prime factors of 30744403?
30744403
What are the prime factors of 360400114?
2, 43, 4190699
List the prime factors of 60530573.
137, 441829
What are the prime factors of 70227890?
2, 5, 7022789
What are the prime factors of 3